st common divisor of c and 5.
5
Let l(d) = -d**2 - 20*d + 92. Let o be l(-16). What is the greatest common factor of o and 429?
39
Let d = -12005 + 12029. Let a = 26 - 10. What is the highest common factor of a and d?
8
Let q = 2026 + -1998. What is the greatest common divisor of q and 154?
14
Suppose 2*h + o - 26 = 0, -19*h - o + 40 = -16*h. Suppose 5*v = -0*v - 60. Let s = 2 - v. What is the highest common factor of s and h?
14
Let l(i) = 16*i**2 + 5*i + 292. Let z be l(0). What is the greatest common factor of 16 and z?
4
Let o(n) = 799*n - 8078. Let i be o(11). What is the highest common divisor of i and 5214?
237
Let v(p) = p**3 + 29*p**2 + 20*p - 16. Let x be v(-25). What is the highest common factor of x and 372?
124
Suppose -127 - 209 = -3*j. Suppose -129 = -11*t + 223. What is the highest common factor of j and t?
16
Let f be (0 + 1)*0 + 14. Let u = -158917 - -158943. Calculate the greatest common factor of u and f.
2
Suppose d - 37*d + 1044 = 0. Suppose -360 = 19*z - d*z. Suppose 192 = -4*x + 1776. What is the highest common factor of z and x?
36
Let g(h) = h**3 - 10*h**2 - 6*h + 82. Let c be g(10). Calculate the highest common divisor of 7766 and c.
22
Let a = 1860 + -1800. Let p be 4/14 - (-732)/(-14). Let b = p + a. What is the highest common divisor of 8 and b?
8
Let v(a) = 10*a + 13. Let s be v(-1). Suppose 2*b = b + 5*t + 79, s*b - 256 = -4*t. What is the highest common divisor of 189 and b?
21
Let i be -165*((-16)/(-6))/(-1). Let b be 48/(-264) + 244*1/11. What is the highest common factor of b and i?
22
Let d be ((-11)/(110/60) + -210)/(1*-1). Let t be (-386)/(-4) - (-2)/(-4). What is the greatest common factor of d and t?
24
Suppose x + 1551 = 48*x. What is the highest common factor of 616 and x?
11
Let b(o) = 14*o**3 - 7*o**2 - 10*o - 27. Let f be b(3). What is the highest common divisor of 1634 and f?
86
Let y = 28398 + -24625. Calculate the greatest common divisor of y and 5488.
343
Suppose 0 = -4*s + 51 + 9. Suppose -s - 201 = -6*q. Let y = 51 - q. Calculate the highest common factor of 90 and y.
15
Suppose -135*r + 95904 = 189*r. What is the highest common divisor of 256 and r?
8
Let h be ((-6)/18)/(5/45) + 1807. Suppose -13*v = 9*v - h. Calculate the greatest common factor of 1066 and v.
82
Let i be (-6)/42 + (-1281)/(-49). Suppose 0 = -3*q + i + 16. Calculate the greatest common divisor of q and 14.
14
Suppose -179094 + 177686 = -16*x. Calculate the highest common factor of x and 5203.
11
Suppose 3*b + 89 - 228 = p, 2*b - 3*p - 88 = 0. Let u be 11*(-16)/(-88) + (2 - -36). Let i = b - u. Calculate the greatest common divisor of 63 and i.
7
Suppose 0 = -3*p - 7*p - 50. Let k(z) = -2*z**3 - 7*z**2 - 4*z + 8. Let b be k(p). Let h = -89 + b. Calculate the greatest common factor of h and 154.
14
Let t(j) = 28*j**2 - 141*j - 556. Let m be t(-4). Calculate the highest common divisor of 57 and m.
57
Suppose -623*z = -10107 + 762. What is the highest common divisor of z and 2235?
15
Let u be 49/7 + -8 + 46. Suppose 28*n - 71 = 433. What is the greatest common divisor of u and n?
9
Let b = 42 - 73. Let o = b + 33. Suppose -o*d + 0*d = -18. Calculate the highest common factor of d and 36.
9
Let f be (3/2)/(4/8). Suppose -f*n = -39 + 15. Calculate the greatest common factor of 6 and n.
2
Suppose 10 = -5*t, -2*k + 7*t - 8*t = -6940. Suppose -u = -3*x + 5*x - 2321, -3*x + 2*u = -k. Calculate the highest common divisor of x and 61.
61
Let s(g) = -15*g**2 + 602*g - 58. Let z be s(40). What is the highest common factor of z and 4378?
22
Let i be (0 - -1) + (80 + -8)/(-8). Let d be (i - -6) + 7 - -1. Calculate the highest common divisor of d and 6.
6
Let a(w) be the second derivative of w**5/20 - w**4 - 5*w**3/2 + 37*w**2 - 15*w + 4. Let f be a(14). What is the highest common factor of f and 2?
2
Suppose 15*m = 3*x + 17*m - 183, 4*x + 5*m - 237 = 0. Suppose 3*y + 3*f - x = 0, 0 = 5*f + 4 - 19. What is the greatest common factor of y and 24?
6
Suppose 3*i - 20 = 2*i. Suppose 156 - i = m. Let r = 70 + -53. Calculate the greatest common divisor of r and m.
17
Suppose 4*f = 5*s - 958, 127*s - 2*f + 566 = 130*s. Suppose 0 = -3*n - 2*n + 120. Let b = n + -14. What is the highest common divisor of s and b?
10
Let x(r) = -3*r**3 + 4*r**2 + 3*r - 4. Let i be x(-2). Suppose -6*j - i = -4*j. Let n be 52 - (1/(-3) - 65/j). Calculate the highest common factor of 48 and n.
48
Suppose 7310 = -210*p + 64430. What is the highest common factor of 51 and p?
17
Let n be (36720/(-105))/(-17)*(-14)/(-4). Calculate the highest common divisor of 27 and n.
9
Let u(b) = b**2 + 25*b + 154. Let x be u(-56). Calculate the highest common divisor of x and 252.
126
Let n(a) = -10*a - 120. Let m be n(-38). What is the greatest common divisor of m and 1885?
65
Suppose -5*n - 2*y = -4301, 4*n - y + 106 = 3552. What is the greatest common divisor of n and 84?
21
Let h = -2206 + 2256. What is the highest common factor of 50 and h?
50
Suppose -17*u - 25862 + 34226 = 0. What is the highest common factor of 216 and u?
12
Let c = 5 - 2. Let a = 127348 - 127315. What is the highest common divisor of a and c?
3
Let g = -8105 - -12571. Calculate the highest common factor of g and 154.
154
Let j = -10096 + 10108. What is the greatest common factor of 3354 and j?
6
Let g(h) = h + 15. Let j be g(-10). Suppose 75 = j*c - 4*p, -2*c + 4*p + 42 = -0*c. Suppose 6*i - 21 - 45 = 0. Calculate the greatest common divisor of i and c.
11
Suppose 3*n + 170 = 5*g, 0 = 4*g - 5*n + 6*n - 119. Suppose j + 4*s = g, -3*j + 53 = 2*s + 10. Calculate the highest common factor of j and 143.
11
Let q(s) = 121 - 135 + 260 - 17*s + 123. Let m be q(21). Calculate the greatest common divisor of 564 and m.
12
Let o(z) = -3*z**2 - 14*z + 84. Let y(x) = -5*x**2 - 20*x + 126. Let b(i) = 8*o(i) - 5*y(i). Let g be b(8). Calculate the highest common factor of g and 8.
2
Let s(n) = -19*n + 46. Let m(q) = -38*q + 94. Let d(u) = 4*m(u) - 9*s(u). Let j be d(13). Calculate the greatest common divisor of 19 and j.
19
Let i be 30 + -23 - 734/(-2). Suppose 22*z = i + 242. Calculate the greatest common divisor of 35 and z.
7
Suppose 0 = -3*g - 0 - 0. Suppose g*m = 3*n - 4*m + 24, -8 = n - 3*m. Let v be ((-4)/(n/6))/(6 + -5). What is the greatest common factor of 2 and v?
1
Let k be (-22)/154 + (-3954)/(-42). What is the highest common factor of 2021 and k?
47
Let i(s) = s**2 + 27*s - 77. Let a be i(-33). Suppose 4*p - 6*p + a = 5*g, 2*g = -p + 49. Calculate the greatest common factor of g and 253.
23
Let n = -122 + 123. Suppose 5*r = n + 19. Suppose -j + 5*y - 659 = -3*j, r*y = 3*j - 954. Calculate the greatest common divisor of 46 and j.
46
Let p be (-2 - (-3)/6)*-2. Suppose 4*i - 16 = p*i. Suppose -776 = -4*g + 2*x, -139*x = 3*g - 144*x - 596. What is the greatest common divisor of i and g?
16
Suppose 8 = 50*w - 2442. Calculate the highest common factor of 406 and w.
7
Let m(q) = 20*q**2 - 31*q + 16. Let y be m(6). Let b(n) = -6*n**3 - 3*n**2 - 6*n - 3. Let l be b(-3). Calculate the highest common factor of l and y.
50
Let n = -2154 + 2316. Calculate the greatest common factor of 96 and n.
6
Suppose 24*y = 25*y + 2*d - 77, 2*y - 150 = -3*d. Calculate the greatest common factor of y and 5773.
23
Suppose 13*u - 32 = -2*b + 9*u, 0 = 3*u - 12. Calculate the highest common divisor of b and 1440.
8
Let j be ((-156)/72*-42)/(6/30). Suppose 2*n - 5*f = 155, 365 = 5*n - 0*f - 5*f. What is the greatest common factor of n and j?
35
Suppose s = 5*c + 338, -s - 5*c = 96 - 374. Calculate the highest common factor of s and 1309.
77
Let s = 752 - 480. Calculate the highest common factor of 17 and s.
17
Let k(y) = 8*y + 84. Let t be k(24). Let p be t*2/24*8. Calculate the highest common factor of 23 and p.
23
Suppose 2*w - 95 = 25. Suppose -w = -y - 3. Suppose 115 = 5*u + 5*v, 0 = -3*u - 6935*v + 6934*v + 61. What is the greatest common factor of u and y?
19
Suppose 58101 = 41*f + 21*f - 7185. What is the greatest common divisor of 741 and f?
39
Let g be (-3)/(0 + 3) - 9527/(-7). Suppose -104*r + g = -100*r + 4*h, -5*r + 4*h = -1664. Calculate the highest common factor of r and 63.
21
Let x = 10134 - 9984. What is the highest common factor of x and 7900?
50
Suppose -10*i + 318 = -82. Suppose -56*m + 680 = -54*m. Calculate the greatest